2*-3. Suppose 2*b - j = -4*v + 1, -5*v = -2*b - 5. Suppose 0 = -b*u - 2*u + 28. List the prime factors of u.
2, 7
List the prime factors of (13 + 2)*44/10.
2, 3, 11
Let f(y) = 2*y**2 + 8*y - 2. List the prime factors of f(-11).
2, 19
Let k = 5 + -3. Suppose 0 = -4*g - 2*q + 56, -4*g + k*q - 47 + 111 = 0. What are the prime factors of g?
3, 5
Let s = 85 - 4. What are the prime factors of s?
3
Suppose -n + 6*n - 15 = -2*q, -12 = 4*q - 4*n. Let j be (q/(-3))/(0 - 1). What are the prime factors of -1 + (1 - j) - -21?
3, 7
Suppose 4*q - 236 = -3*o, -4*q - 4*o = o - 236. List the prime factors of q.
59
Let o = 17 + -12. Suppose -2*a + 31 = -o. List the prime factors of a.
2, 3
List the prime factors of (-4)/(-14) + (-8)/(168/(-855)).
41
Let m = -8 - -8. Let z(n) = n**2 + n + 18. List the prime factors of z(m).
2, 3
Suppose -2*d = -4*k - 66 + 326, -4*d = k - 74. Suppose -19 + 3 = -x - v, -2*v = 4*x - k. What are the prime factors of x?
17
Let k(t) = -t**3 + 7*t**2 - 6*t + 6. What are the prime factors of k(6)?
2, 3
What are the prime factors of 700/(0 + 5) - -3?
11, 13
Suppose -10*s + 4466 = 12*s. List the prime factors of s.
7, 29
Let x be (-14)/(-8) - 2/(-8). Let o(w) = 2*w**2 + 3*w - 1. List the prime factors of o(x).
13
Suppose 3*z - 258 = -0*z. List the prime factors of z.
2, 43
Let w = 86 - 55. List the prime factors of w.
31
Let h(m) = 8*m + 1. Let p(z) = 3*z**2 + 6*z + 1. Let b(g) = 2*g**2 + 5*g + 1. Let w(r) = -5*b(r) + 4*p(r). Let q be w(-1). List the prime factors of h(q).
17
Suppose -2*k + 7 = 3. Suppose -k*y = -8 - 0. Suppose y - 1 = t. List the prime factors of t.
3
Suppose -99 = 11*b - 2618. What are the prime factors of b?
229
Let g = -173 - -356. List the prime factors of g.
3, 61
Let z = 18 + -13. Suppose z*m = -4*l + 70, -m - 2*l = -2 - 6. Suppose m = 3*w - 0. List the prime factors of w.
2, 3
Let g = -34 + 49. List the prime factors of g.
3, 5
Let w(m) = -m**2 + 5*m. Suppose x - 10 = -x. Let c be w(x). Suppose 0 = -c*f - 4*f + 52. List the prime factors of f.
13
Let f be (24/40)/((-2)/(-10)). Suppose l - 53 - 2 = z, -f*z = -l + 65. List the prime factors of l.
2, 5
Let l be 0 + (0 - (1 + 3)). Let j(u) = 4*u**2 + 3*u - 4. Let b be j(l). Suppose -5*i + 72 = o, -2*i - 2*i + b = -4*o. What are the prime factors of i?
2, 7
Let i be ((-3)/3)/(2/(-6)). Let a(r) = 7*r + 4. Let w(c) = -20*c - 12. Let n(l) = -17*a(l) - 6*w(l). What are the prime factors of n(i)?
7
Let t be (3/(-3))/((-4)/4). Let k = 19 + t. What are the prime factors of k?
2, 5
Suppose -p = 5*r + 25, -2*p - 3*p + 25 = 0. Let c = r - -9. Suppose -c*l + 8*l - 75 = 0. List the prime factors of l.
3, 5
Suppose 0 = 5*o - r - 3*r + 60, -4*o + 4*r = 52. Let i(a) = -a**3 - 9*a**2 - 10*a + 3. What are the prime factors of i(o)?
19
Let f = 27 - 24. What are the prime factors of f?
3
Let q(v) be the second derivative of -5*v**3/6 - v**2/2 + 3*v. Let w be q(-1). Suppose o - w - 1 = 0. What are the prime factors of o?
5
Suppose -2*y = -4*y + 192. Suppose 4*r = -p + 70, -5*r + 2*p = -p - y. What are the prime factors of r?
2, 3
Let n be (-2 + 7/3)*6. Suppose 3*l = 3*k + 18, 0*l + 42 = 4*l + n*k. List the prime factors of l.
3
Let m be 1/((2/(-1))/(-8)). Suppose -3*d - 2*q = 2*q - 3, -2*d - 3*q = -1. Suppose -3*p - 2*p + d*x + 55 = 0, p + m*x = 16. List the prime factors of p.
2, 3
Let s(n) = -28*n**2 + n. Let b be s(-1). Let j = b + 41. What are the prime factors of j?
2, 3
Suppose -417 = -3*v - 69. List the prime factors of v.
2, 29
Let v be 2 - ((-339)/3 - 0). Suppose a - v = -4*a. What are the prime factors of a?
23
Let r be (4/(-6))/((-7)/42). Let x(d) = d**3 - d**2 + 2*d - 5. List the prime factors of x(r).
3, 17
Let n(x) = 2*x. Let d(u) = 3*u. Let g(w) = 5*d(w) - 6*n(w). Let y be g(1). Suppose 2*f = o - 2, -y*o + 4*o - 2 = 4*f. List the prime factors of o.
2
What are the prime factors of 76*4/72 - (-4)/(-18)?
2
Let d be -11 - 1/(-1)*-3. Let v = -9 - d. Suppose v*o - 84 - 42 = -2*i, -o + 5*i = -9. List the prime factors of o.
2, 3
Suppose -2*n = 5 + 29. Let i = -7 - n. List the prime factors of i.
2, 5
List the prime factors of -3*(-2)/(8/44).
3, 11
Let b = 13 - 5. Let p(r) = r**2 - 9*r + 12. List the prime factors of p(b).
2
Let r = 8 + -32. List the prime factors of r/(-30) + 182/10.
19
What are the prime factors of (-2)/(-4)*34 + 1?
2, 3
Suppose -3*l - 3*x = -15, -3*x + 5 + 10 = l. Suppose -a + 3 = -l*a. Suppose s = -4*n + 20, n - a*s - 36 = -3*n. What are the prime factors of n?
2, 3
Let g = -81 - -100. List the prime factors of g.
19
Suppose -z + 16 = -11. List the prime factors of z.
3
Let l be (-2)/8 + 45/4. Suppose -3 + l = -5*i + 3*b, -4*b = -4. List the prime factors of ((-20)/(-2))/(i - -3).
5
Suppose 0 = 4*i - 386 - 418. What are the prime factors of i?
3, 67
Let w = -13 - -8. Let n be ((-2)/(-4))/(w/30). Let d(i) = 2*i**2 + i - 1. List the prime factors of d(n).
2, 7
Suppose 0*z + 6 = 2*z. Suppose -5*w + 33 = z*t, t - 4 = -3*t. List the prime factors of w.
2, 3
Let p be (-4 + 3)/(2/32). Let z be ((-6)/(-4))/(12/p). Let w = 4 - z. What are the prime factors of w?
2, 3
Suppose -4*b - 2*j + 1294 = 0, -2*b + 653 = 12*j - 13*j. List the prime factors of b.
5, 13
Let r(k) = k**2 - 2*k - 1. What are the prime factors of r(-4)?
23
Suppose -47 = -33*b + 32*b. What are the prime factors of b?
47
Let a = -9 - -11. Suppose 33 - 5 = a*m. What are the prime factors of m?
2, 7
Suppose 2 = i - 1. Let v = 22 - i. List the prime factors of v.
19
Suppose -4*c - 2*w = -w - 11, -3*w + 19 = 5*c. Let b = 0 + c. Suppose -5 = 3*v - 5*n, -2*v + b*n + 3 = 1. What are the prime factors of v?
5
Suppose 0 = 9*u - 8*u - 5. List the prime factors of u.
5
Let c = 10 + -16. Let w = 15 - c. List the prime factors of w.
3, 7
Suppose 4*p + 5*f + 10 = -0*f, f = -2. What are the prime factors of ((-4)/6 - p)*-12?
2
Let d = 2 - -3. Let n be ((-2)/3)/((-1)/12). Let l = n - d. What are the prime factors of l?
3
Let l be (8/(-5))/((-2)/20). Suppose 2*y + 6 = -4*c, 2*c - c = -4*y + l. Suppose 5*m = -4*o + 3, -3*m + 4 = o - y*m. What are the prime factors of o?
2
Suppose 0 = 3*d - 4*u - 25, -3*d - 3*u = -8*u - 29. Suppose d*v = 2*v. Let n = 2 - v. What are the prime factors of n?
2
Let x = 33 - -3. List the prime factors of x.
2, 3
Let s(j) = j**3 - 3*j**2 + 3*j - 4. Suppose 2*t = t + 4. Let z be s(t). Suppose -y = y - z. List the prime factors of y.
2, 3
Let k(b) = b + 0 + 3*b**2 - 1 + b. List the prime factors of k(1).
2
Suppose -a + 16 = 5*p, 3*a - 5*p + 140 = 8*a. Suppose -2*x + a = -3*g, -5*x + 5*g + 67 = g. What are the prime factors of x?
11
Suppose 2*k + 4 = 3*k. Suppose 3*g + 10 = -2*q, k*g = -2*q + 3*g - 6. Let j(w) = -2*w + 1. What are the prime factors of j(q)?
5
Suppose -8*m = -6*m - 72. What are the prime factors of m?
2, 3
Suppose 5*y - 4*y = 62. Suppose 4*l = -3*q + 127, l - 2*q + y = 3*l. What are the prime factors of l?
2, 17
Let b(f) = 22*f - 4. What are the prime factors of b(2)?
2, 5
Let u(z) = 3*z - 13. Let f be u(7). Let c = 18 - f. What are the prime factors of c?
2, 5
Let j = 49 - 24. Let a = j + 30. List the prime factors of a.
5, 11
Suppose 4*w - 274 = -10. What are the prime factors of w?
2, 3, 11
Let z(f) = 8*f**2 + 6*f - 11. Let b(l) = -l**2 - l + 1. Let s(o) = -18*b(o) - 2*z(o). Let y be s(-5). Suppose -r + 3*r = y. List the prime factors of r.
2, 3
Let u = -1 - -5. Suppose u*p - 5*p = -6. What are the prime factors of p?
2, 3
Let o(z) be the first derivative of -z**3/3 + 2*z**2 + 5*z - 3. Let x be o(4). Suppose 3*y - 15 = 0, x*j - 23 = y + 52. What are the prime factors of j?
2
Let j(y) be the third derivative of y**5/6 + y**4/24 - y**2. What are the prime factors of j(-1)?
3
Suppose 0 = -0*l - l + 3. Suppose -l + 1 = -m. Let o(c) = c. List the prime factors of o(m).
2
Suppose 353 = 5*y - j, y - 2*j - 286 = -3*y. Let c = y + -50. Suppose -5*f + c = -10. List the prime factors of f.
2, 3
Let s(a) = 6*a + 4. What are the prime factors of s(3)?
2, 11
Let n(c) = -2*c**2 + 6 - 1 - c**3 - 4. Let w be n(-2). Suppose i + w = 3. List the prime factors of i.
2
Let o(p) = -p**3 - 4*p**2 + 4. Let m = 10 - 14. Let d be o(m). Suppose 5*t + 5*j - 65 = 0, -d*t = -8*t - 2*j + 44. List the prime factors of t.
3
Suppose 0 = -5*h + 2*r + 280, 4*h + r = -r + 206. List the prime factors of h.
2, 3
S